mmon divisor of w and 432.
48
Suppose -3*h - 516 = 3*h. Let o = -45 - h. Let y = -33 + o. Calculate the highest common factor of y and 72.
8
Let r = -6699 - -6908. Calculate the highest common divisor of 6479 and r.
209
Let a be (-4)/2 - (3009/(-136) + (-2)/(-16)). Calculate the highest common divisor of 500 and a.
20
Let z(g) = 3*g**3 + 7*g**2 + 9*g - 51. Let x be z(9). Suppose -362*b - x = -368*b. What is the highest common divisor of 87 and b?
29
Let w be (-3)/(-36) + (-95)/(-300) - (-116346)/10. Calculate the highest common factor of 65 and w.
65
Let d(y) = 8*y**2 + 11*y + 1. Let l = 76 + -82. Let x be ((-60)/(-18))/((-4)/l). Let p be d(x). Calculate the greatest common factor of 32 and p.
32
Let d(f) = -f**2 - 6*f + 3. Let m be d(-6). Suppose 3*l = -5*h + 6 + 130, -4*l + 133 = -m*h. Calculate the highest common factor of 148 and l.
37
Let g be -2*(-1)/(-4)*(9 + -13). Suppose 47 + 12 = g*x + v, 5*x - 5*v - 125 = 0. What is the highest common divisor of x and 252?
28
Let r be (4/(-6))/((-39)/1170). Calculate the greatest common divisor of r and 170.
10
Let r = -159 + 195. Suppose -5*d - 4*q - 15 = -6*d, r = d + 3*q. What is the highest common factor of d and 189?
27
Let f = -147858 + 148176. Suppose y - 2*y + 3*b = -3, -b + 63 = 5*y. Calculate the greatest common factor of y and f.
6
Suppose -72*i = -14*i + 27*i - 37485. Suppose -l + 114 + 12 = 0. What is the highest common divisor of i and l?
63
Let t(n) be the third derivative of 28/3*n**3 + 0 + 0*n - 5/24*n**4 - 34*n**2. Let q be t(7). Calculate the greatest common factor of 21 and q.
21
Suppose 2*b - 116*b = 12*b - 8442. Suppose -3*j = -1403 - 808. Calculate the greatest common divisor of b and j.
67
Let n(y) = -42*y + 1176. Let c be n(25). Calculate the greatest common divisor of 6489 and c.
63
Suppose 0*v + 156 = 4*c - v, 0 = 2*c + 2*v - 88. Let q = -13189 + 13219. What is the highest common factor of q and c?
10
Let r(j) = 4*j + 18. Let h be r(-4). Let g be -1*(-5 - -6 - h). Suppose -v = g - 66. What is the greatest common factor of v and 26?
13
Suppose 24*h + 5 = 25*h. Suppose h*r + 3 = -3*c + 114, 3*r + 4*c - 71 = 0. Calculate the greatest common divisor of 525 and r.
21
Let q = -54 + 116. Suppose 2*l + q = 2*u - 26, 4*l = 16. What is the greatest common factor of u and 36?
12
Let f = -426 + 432. Suppose u + f*u = 91. What is the greatest common divisor of u and 416?
13
Let b = -11869 - -11991. What is the greatest common divisor of 1952 and b?
122
Let g be 25*(12/(-14) + 1 + (-1920)/(-280)). Calculate the greatest common divisor of 105 and g.
35
Let s(l) = 17*l - 225. Let g be s(13). Let u be (-8 + 4656/(-84))/(g/98). Calculate the greatest common factor of u and 37.
37
Let s = 4856 + -4476. What is the greatest common divisor of 700 and s?
20
Suppose -1964 = -36*g + 67372. Calculate the highest common divisor of g and 144.
18
Let w = 5824 + -5514. Let p(c) = -c**2 + 28*c - 9. Let i be p(15). What is the greatest common divisor of w and i?
62
Suppose -292*o + 148216 = -282776. Calculate the highest common factor of 1681 and o.
41
Suppose 9*l - 1285 = 4*l. Suppose -4*g = -5*y + l, 3*g + 254 = y + 4*y. Let q = -226 - -569. Calculate the greatest common factor of y and q.
49
Let w be 267/6 + -44 - 19090/(-4). What is the greatest common divisor of 333 and w?
111
Let y be 6/9 + 464/(-12) + 1. Let o = y - -128. Suppose 11*j = 12*j - 13. What is the highest common divisor of o and j?
13
Let i(u) = 83*u**2 - 160*u + 180. Let a be i(-15). Calculate the greatest common divisor of 218 and a.
109
Let s = 2196 + -1338. Calculate the greatest common divisor of 1001 and s.
143
Suppose -4*q + 234 = 9*q. Suppose -61 = -q*o + 443. What is the highest common factor of 7 and o?
7
Let k(j) = j**2 - 7*j + 28. Suppose -4*a + 19*s = 24*s - 7, -s = -a + 4. Let y be k(a). What is the greatest common divisor of 72 and y?
8
Let f = -194 + 129. Let c = -41 - f. Suppose 3*q + 2*o - 16 = q, 2*o + 32 = 2*q. Calculate the greatest common factor of q and c.
12
Let y = 8503 - 8493. Let d(s) = 2*s. Suppose 2*p + 2*r = 10, 4*p - 9*p + 25 = -3*r. Let z be d(p). What is the greatest common divisor of z and y?
10
Let y(n) = -197*n + 1925. Let r be y(0). Calculate the highest common factor of 77 and r.
77
Let u(t) = 2*t**3 + t**2 - 24*t - 76. Let i be u(6). Let r be (16/10)/(4/40). Calculate the highest common factor of r and i.
8
Let h(n) = 7*n + 248. Let q(r) = -r**3 - 10*r**2 - 8*r - 26. Let u be q(-9). Let t be h(u). Calculate the highest common factor of t and 6.
3
Let t = -14233 + 14737. Calculate the greatest common divisor of 1368 and t.
72
Let d(o) = o - 3. Let r be d(4). Let i be (r + -2)*-12 + 0/(-5). Suppose g - i = -11. What is the greatest common factor of 11 and g?
1
Suppose -30*p + 53*p = 69. Suppose -o + 6*o - 4*g - 1003 = 0, -5*o = p*g - 1024. What is the highest common factor of 28 and o?
7
Let m be -5 - -5395 - (224/(-16) - -10). What is the highest common factor of 434 and m?
62
Let j = -6702 + 6714. What is the greatest common divisor of j and 6?
6
Let a = 46 + 20. Let d be a/9*(-1)/2*-3. Let i(k) = -14*k - 1. Let c be i(-4). What is the greatest common factor of d and c?
11
Suppose 0 = 2*v - d - 10, -2*v + 3*d + 0*d + 2 = 0. Suppose -135 = -v*b + 47. What is the greatest common divisor of b and 8?
2
Let b(n) = -n**2 + 17*n + 26. Let i be b(17). Suppose -i*f + 1022 = 8. Let h(v) = 21*v - 6. Let p be h(4). Calculate the greatest common factor of f and p.
39
Let c be 1*(-10)/(-25)*535. What is the greatest common divisor of c and 58?
2
Let y(a) = 30*a - 102. Let z be y(6). Let b = 107 - 55. What is the greatest common factor of z and b?
26
Suppose 4*f + 5*l = 443, -4*l - 88 - 476 = -5*f. What is the greatest common divisor of 7 and f?
7
Let y be (55/2)/((-28)/13720*-49). Calculate the greatest common factor of 3212 and y.
11
Let v(c) = 46*c - 1. Let b be v(2). Suppose -5*n = -3*f - 1469 + 1465, 4*n - 20 = 0. What is the highest common factor of f and b?
7
Suppose -2505 = 716*x - 721*x + 5*w, -x - 4*w + 471 = 0. Calculate the highest common divisor of 1045 and x.
55
Let v(m) be the third derivative of m**5/60 + m**4/8 - 5*m**3/3 + 2*m**2 + 61*m. Let g be v(3). What is the greatest common divisor of g and 248?
8
Suppose 9*r - 91 - 8 = 0. Suppose -10*c = -r*c + 10. Let k(b) = -b + 18. Let x be k(c). What is the greatest common factor of x and 8?
8
Let j = -10 - -15. Suppose -4*d + 33 = j. Suppose -d*o - 36 = -9*o. What is the highest common divisor of o and 2?
2
Suppose 3*x - 424 = -28. Suppose -r + 8 = 2*k - 80, -x = -3*k + 4*r. Suppose 0*m - 4*m = -16. What is the highest common factor of k and m?
4
Suppose 3*s + 1 = 7. Let m be (-253)/(-33) + s/6. Let w = -34 + 38. What is the greatest common factor of w and m?
4
Let v = -197 + 247. Suppose 728 - 116 = -2*f. Let i be f/(-30) + (-2)/10. What is the greatest common factor of i and v?
10
Let i(v) = -90*v + 2617. Let k be i(29). Suppose 2*a = 5*a - 42. What is the greatest common divisor of a and k?
7
Let m(r) = 3*r + 7. Let z be m(-1). Suppose z*s = 18 - 6. Let i = 6 + -3. Calculate the greatest common divisor of i and s.
3
Let t be (-994)/213 - (-3)/(9/5). Let h = t - -63. What is the greatest common divisor of h and 135?
15
Let j be (2*((-176)/12 + 3))/(5/(-15)). Calculate the highest common factor of 190 and j.
10
Let d(u) = 43*u - 637. Let o be d(15). Let w be -1 + 0 - (6 - 6). Let m(i) = 17*i**2 + 2*i + 1. Let b be m(w). What is the greatest common divisor of b and o?
8
Let h(b) = -b**3 - 22*b**2 - 10*b - 85. Let w be h(-22). What is the highest common divisor of w and 576?
9
Let u be 2872/10 + ((-640)/(-25))/32. What is the highest common factor of 360 and u?
72
Let h be (52/20 - -5)/(96/720). What is the greatest common divisor of h and 3743?
19
Let p = 53 + -29. Let u(k) be the second derivative of 2*k**3/3 + 40*k**2 + 79*k. Let n be u(-17). What is the greatest common factor of n and p?
12
Let w = 14969 - 14637. What is the highest common divisor of 10126 and w?
166
Suppose 3*s + 88 = 7*s. Let v = s - 16. Let h be (0 - -2)/(v/45). Calculate the highest common factor of h and 3.
3
Suppose -2*r + 4*l + 1068 = 0, 4*l = -564*r + 563*r + 564. Suppose -j + 85 = 4*j. Calculate the highest common divisor of r and j.
17
Suppose m + p + 71 = 0, m = 